{"id":220,"date":"2021-04-06T15:56:17","date_gmt":"2021-04-06T13:56:17","guid":{"rendered":"http:\/\/dev.adsentis.com\/?page_id=220"},"modified":"2022-05-13T16:46:16","modified_gmt":"2022-05-13T14:46:16","slug":"notre-offre","status":"publish","type":"page","link":"https:\/\/dev.adsentis.com\/index.php\/notre-offre\/","title":{"rendered":"notre offre"},"content":{"rendered":"\n<blockquote class=\"wp-block-quote is-style-large\"><p>Vous dire ce qu&rsquo;il faut faire,<br>ce n&rsquo;est pas notre philosophie.<br>Construire un plan d&rsquo;action sur-mesure,<br>c&rsquo;est construire \u00e0 plusieurs.<\/p><\/blockquote>\n\n\n\n<div style=\"height:50px\" aria-hidden=\"true\" class=\"wp-block-spacer\"><\/div>\n\n\n\n<figure class=\"wp-block-gallery columns-3 is-cropped\"><ul class=\"blocks-gallery-grid\"><li class=\"blocks-gallery-item\"><figure><img loading=\"lazy\" width=\"1000\" height=\"1000\" src=\"http:\/\/dev.adsentis.com\/wp-content\/uploads\/2021\/07\/RM.png\" alt=\"\" data-id=\"498\" data-full-url=\"http:\/\/dev.adsentis.com\/wp-content\/uploads\/2021\/07\/RM.png\" data-link=\"http:\/\/dev.adsentis.com\/index.php\/notre-offre\/rm-3\/\" class=\"wp-image-498\" srcset=\"https:\/\/dev.adsentis.com\/wp-content\/uploads\/2021\/07\/RM.png 1000w, https:\/\/dev.adsentis.com\/wp-content\/uploads\/2021\/07\/RM-300x300.png 300w, https:\/\/dev.adsentis.com\/wp-content\/uploads\/2021\/07\/RM-150x150.png 150w, https:\/\/dev.adsentis.com\/wp-content\/uploads\/2021\/07\/RM-768x768.png 768w\" sizes=\"(max-width: 1000px) 100vw, 1000px\" \/><figcaption class=\"blocks-gallery-item__caption\">\u00ab\u00a0Les m\u00e9dias repr\u00e9sentent la plus grande puissance de notre soci\u00e9t\u00e9 contemporaine.\u00a0\u00bb  <br>David Lodge<br><\/figcaption><\/figure><\/li><li class=\"blocks-gallery-item\"><figure><img loading=\"lazy\" width=\"1000\" height=\"1000\" src=\"http:\/\/dev.adsentis.com\/wp-content\/uploads\/2021\/07\/AP-1.png\" alt=\"\" data-id=\"497\" data-full-url=\"http:\/\/dev.adsentis.com\/wp-content\/uploads\/2021\/07\/AP-1.png\" data-link=\"http:\/\/dev.adsentis.com\/index.php\/notre-offre\/ap-1\/\" class=\"wp-image-497\" srcset=\"https:\/\/dev.adsentis.com\/wp-content\/uploads\/2021\/07\/AP-1.png 1000w, https:\/\/dev.adsentis.com\/wp-content\/uploads\/2021\/07\/AP-1-300x300.png 300w, https:\/\/dev.adsentis.com\/wp-content\/uploads\/2021\/07\/AP-1-150x150.png 150w, https:\/\/dev.adsentis.com\/wp-content\/uploads\/2021\/07\/AP-1-768x768.png 768w\" sizes=\"(max-width: 1000px) 100vw, 1000px\" \/><figcaption class=\"blocks-gallery-item__caption\">\u00ab\u00a0Son caract\u00e8re particulier \u00e9tait de concilier les int\u00e9r\u00eats oppos\u00e9s, et, en s&rsquo;\u00e9levant au-dessus, de trouver le secret endroit et comme le n\u0153ud par o\u00f9 on peut les r\u00e9unir.\u00a0\u00bb <br>Jacques-B\u00e9nigne Bossuet <br><\/figcaption><\/figure><\/li><li class=\"blocks-gallery-item\"><figure><img loading=\"lazy\" width=\"1000\" height=\"1000\" src=\"http:\/\/dev.adsentis.com\/wp-content\/uploads\/2021\/07\/communication-1-1.png\" alt=\"\" data-id=\"496\" data-full-url=\"http:\/\/dev.adsentis.com\/wp-content\/uploads\/2021\/07\/communication-1-1.png\" data-link=\"http:\/\/dev.adsentis.com\/index.php\/notre-offre\/communication-1-1\/\" class=\"wp-image-496\" srcset=\"https:\/\/dev.adsentis.com\/wp-content\/uploads\/2021\/07\/communication-1-1.png 1000w, https:\/\/dev.adsentis.com\/wp-content\/uploads\/2021\/07\/communication-1-1-300x300.png 300w, https:\/\/dev.adsentis.com\/wp-content\/uploads\/2021\/07\/communication-1-1-150x150.png 150w, https:\/\/dev.adsentis.com\/wp-content\/uploads\/2021\/07\/communication-1-1-768x768.png 768w\" sizes=\"(max-width: 1000px) 100vw, 1000px\" \/><figcaption class=\"blocks-gallery-item__caption\">\u00ab\u00a0Quand tu entendras l&rsquo;orage, il sera trop tard pour construire l&rsquo;arche.\u00a0\u00bb <br>Proverbe<br><\/figcaption><\/figure><\/li><li class=\"blocks-gallery-item\"><figure><img loading=\"lazy\" width=\"1000\" height=\"1000\" src=\"http:\/\/dev.adsentis.com\/wp-content\/uploads\/2021\/07\/pre\u0301sence-1.png\" alt=\"\" data-id=\"495\" data-full-url=\"http:\/\/dev.adsentis.com\/wp-content\/uploads\/2021\/07\/pre\u0301sence-1.png\" data-link=\"http:\/\/dev.adsentis.com\/index.php\/notre-offre\/presence-1\/\" class=\"wp-image-495\" srcset=\"https:\/\/dev.adsentis.com\/wp-content\/uploads\/2021\/07\/pre\u0301sence-1.png 1000w, https:\/\/dev.adsentis.com\/wp-content\/uploads\/2021\/07\/pre\u0301sence-1-300x300.png 300w, https:\/\/dev.adsentis.com\/wp-content\/uploads\/2021\/07\/pre\u0301sence-1-150x150.png 150w, https:\/\/dev.adsentis.com\/wp-content\/uploads\/2021\/07\/pre\u0301sence-1-768x768.png 768w\" sizes=\"(max-width: 1000px) 100vw, 1000px\" \/><figcaption class=\"blocks-gallery-item__caption\">\u00ab\u00a0Le foss\u00e9 entre le monde virtuel et le monde r\u00e9el n&rsquo;existe plus. Nous devons \u00eatre s\u00fbrs que nos valeurs ne dispara\u00eetront pas avec lui.\u00a0\u00bb\u00a0<br>Justin Trudeau <br><\/figcaption><\/figure><\/li><li class=\"blocks-gallery-item\"><figure><img loading=\"lazy\" width=\"1000\" height=\"1000\" src=\"http:\/\/dev.adsentis.com\/wp-content\/uploads\/2021\/07\/media.png\" alt=\"\" data-id=\"493\" data-full-url=\"http:\/\/dev.adsentis.com\/wp-content\/uploads\/2021\/07\/media.png\" data-link=\"http:\/\/dev.adsentis.com\/index.php\/notre-offre\/media\/\" class=\"wp-image-493\" srcset=\"https:\/\/dev.adsentis.com\/wp-content\/uploads\/2021\/07\/media.png 1000w, https:\/\/dev.adsentis.com\/wp-content\/uploads\/2021\/07\/media-300x300.png 300w, https:\/\/dev.adsentis.com\/wp-content\/uploads\/2021\/07\/media-150x150.png 150w, https:\/\/dev.adsentis.com\/wp-content\/uploads\/2021\/07\/media-768x768.png 768w\" sizes=\"(max-width: 1000px) 100vw, 1000px\" \/><figcaption class=\"blocks-gallery-item__caption\">\u00ab\u00a0Quelqu&rsquo;un a-t-il des questions \u00e0 mes r\u00e9ponses ?\u201d <br>Henry Kissinger<br><\/figcaption><\/figure><\/li><li class=\"blocks-gallery-item\"><figure><img loading=\"lazy\" width=\"1000\" height=\"1000\" src=\"http:\/\/dev.adsentis.com\/wp-content\/uploads\/2021\/07\/crea.png\" alt=\"\" data-id=\"499\" data-full-url=\"http:\/\/dev.adsentis.com\/wp-content\/uploads\/2021\/07\/crea.png\" data-link=\"http:\/\/dev.adsentis.com\/index.php\/notre-offre\/crea\/\" class=\"wp-image-499\" srcset=\"https:\/\/dev.adsentis.com\/wp-content\/uploads\/2021\/07\/crea.png 1000w, https:\/\/dev.adsentis.com\/wp-content\/uploads\/2021\/07\/crea-300x300.png 300w, https:\/\/dev.adsentis.com\/wp-content\/uploads\/2021\/07\/crea-150x150.png 150w, https:\/\/dev.adsentis.com\/wp-content\/uploads\/2021\/07\/crea-768x768.png 768w\" sizes=\"(max-width: 1000px) 100vw, 1000px\" \/><figcaption class=\"blocks-gallery-item__caption\">\u00ab\u00a0La forme, c\u2019est le fond qui remonte \u00e0 la surface.\u00a0\u00bb<br>Victor Hugo<br><br><a href=\"http:\/\/dev.adsentis.com\/index.php\/creation-graphique\/\">Notre portfolio<\/a><\/figcaption><\/figure><\/li><\/ul><\/figure>\n\n\n\n<p><\/p>\n","protected":false},"excerpt":{"rendered":"<p>Vous dire ce qu&rsquo;il faut faire,ce n&rsquo;est pas notre philosophie.Construire un plan d&rsquo;action sur-mesure,c&rsquo;est construire \u00e0 plusieurs.<\/p>\n","protected":false},"author":2,"featured_media":0,"parent":0,"menu_order":0,"comment_status":"closed","ping_status":"closed","template":"","meta":{"inline_featured_image":false},"_links":{"self":[{"href":"https:\/\/dev.adsentis.com\/index.php\/wp-json\/wp\/v2\/pages\/220"}],"collection":[{"href":"https:\/\/dev.adsentis.com\/index.php\/wp-json\/wp\/v2\/pages"}],"about":[{"href":"https:\/\/dev.adsentis.com\/index.php\/wp-json\/wp\/v2\/types\/page"}],"author":[{"embeddable":true,"href":"https:\/\/dev.adsentis.com\/index.php\/wp-json\/wp\/v2\/users\/2"}],"replies":[{"embeddable":true,"href":"https:\/\/dev.adsentis.com\/index.php\/wp-json\/wp\/v2\/comments?post=220"}],"version-history":[{"count":56,"href":"https:\/\/dev.adsentis.com\/index.php\/wp-json\/wp\/v2\/pages\/220\/revisions"}],"predecessor-version":[{"id":1066,"href":"https:\/\/dev.adsentis.com\/index.php\/wp-json\/wp\/v2\/pages\/220\/revisions\/1066"}],"wp:attachment":[{"href":"https:\/\/dev.adsentis.com\/index.php\/wp-json\/wp\/v2\/media?parent=220"}],"curies":[{"name":"wp","href":"https:\/\/api.w.org\/{rel}","templated":true}]}}