{"id":955,"date":"2021-09-03T16:38:30","date_gmt":"2021-09-03T14:38:30","guid":{"rendered":"http:\/\/dev.adsentis.com\/?page_id=955"},"modified":"2022-05-13T16:46:15","modified_gmt":"2022-05-13T14:46:15","slug":"creation-graphique","status":"publish","type":"page","link":"http:\/\/dev.adsentis.com\/index.php\/creation-graphique\/","title":{"rendered":"Cr\u00e9ation graphique"},"content":{"rendered":"\n<figure class=\"wp-block-image alignfull size-large\"><img loading=\"lazy\" width=\"1000\" height=\"450\" src=\"http:\/\/dev.adsentis.com\/wp-content\/uploads\/2021\/07\/creative-1.png\" alt=\"\" class=\"wp-image-528\" srcset=\"http:\/\/dev.adsentis.com\/wp-content\/uploads\/2021\/07\/creative-1.png 1000w, http:\/\/dev.adsentis.com\/wp-content\/uploads\/2021\/07\/creative-1-300x135.png 300w, http:\/\/dev.adsentis.com\/wp-content\/uploads\/2021\/07\/creative-1-768x346.png 768w\" sizes=\"(max-width: 1000px) 100vw, 1000px\" \/><\/figure>\n\n\n\n<div style=\"height:100px\" aria-hidden=\"true\" class=\"wp-block-spacer\"><\/div>\n\n\n\n<blockquote class=\"wp-block-quote is-style-large\"><p>La forme, c&rsquo;est le fond qui remonte \u00e0 la surface<\/p><p>Victor Hugo<\/p><\/blockquote>\n\n\n\n<div style=\"height:100px\" aria-hidden=\"true\" class=\"wp-block-spacer\"><\/div>\n\n\n\n<p>Comme l&rsquo;\u00e9crivait Hugo il y a plus d&rsquo;un si\u00e8cle, la forme est constitutive du message que l&rsquo;on porte. Enrober, c&rsquo;est d\u00e9j\u00e0 un petit peu dire. Mais si l&rsquo;on dit souvent qu&rsquo;une image vaut mille mots, encore faut-il savoir laquelle. Parfois, cette image aux milles palabres n&rsquo;existe pas. Du moins, elle n&rsquo;existe pas ailleurs que dans notre imagination. La cr\u00e9er, c&rsquo;est aussi notre m\u00e9tier.<\/p>\n\n\n\n<h2 class=\"has-text-align-center\">Story telling<\/h2>\n\n\n\n<figure class=\"wp-block-gallery columns-3 is-cropped\"><ul class=\"blocks-gallery-grid\"><li class=\"blocks-gallery-item\"><figure><img loading=\"lazy\" width=\"1024\" height=\"1024\" src=\"http:\/\/dev.adsentis.com\/wp-content\/uploads\/2021\/07\/Delphine-1024x1024.png\" alt=\"\" data-id=\"431\" data-full-url=\"http:\/\/dev.adsentis.com\/wp-content\/uploads\/2021\/07\/Delphine.png\" data-link=\"http:\/\/dev.adsentis.com\/index.php\/2021\/07\/12\/creation-graphique\/delphine\/\" class=\"wp-image-431\" srcset=\"http:\/\/dev.adsentis.com\/wp-content\/uploads\/2021\/07\/Delphine-1024x1024.png 1024w, http:\/\/dev.adsentis.com\/wp-content\/uploads\/2021\/07\/Delphine-300x300.png 300w, http:\/\/dev.adsentis.com\/wp-content\/uploads\/2021\/07\/Delphine-150x150.png 150w, http:\/\/dev.adsentis.com\/wp-content\/uploads\/2021\/07\/Delphine-768x768.png 768w, http:\/\/dev.adsentis.com\/wp-content\/uploads\/2021\/07\/Delphine.png 1080w\" sizes=\"(max-width: 1024px) 100vw, 1024px\" \/><\/figure><\/li><li class=\"blocks-gallery-item\"><figure><img loading=\"lazy\" width=\"1024\" height=\"1024\" src=\"http:\/\/dev.adsentis.com\/wp-content\/uploads\/2021\/07\/Marie-Anne-1024x1024.png\" alt=\"\" data-id=\"432\" data-full-url=\"http:\/\/dev.adsentis.com\/wp-content\/uploads\/2021\/07\/Marie-Anne.png\" data-link=\"http:\/\/dev.adsentis.com\/index.php\/2021\/07\/12\/creation-graphique\/marie-anne\/\" class=\"wp-image-432\" srcset=\"http:\/\/dev.adsentis.com\/wp-content\/uploads\/2021\/07\/Marie-Anne-1024x1024.png 1024w, http:\/\/dev.adsentis.com\/wp-content\/uploads\/2021\/07\/Marie-Anne-300x300.png 300w, http:\/\/dev.adsentis.com\/wp-content\/uploads\/2021\/07\/Marie-Anne-150x150.png 150w, http:\/\/dev.adsentis.com\/wp-content\/uploads\/2021\/07\/Marie-Anne-768x768.png 768w, http:\/\/dev.adsentis.com\/wp-content\/uploads\/2021\/07\/Marie-Anne.png 1080w\" sizes=\"(max-width: 1024px) 100vw, 1024px\" \/><\/figure><\/li><li class=\"blocks-gallery-item\"><figure><img loading=\"lazy\" width=\"1024\" height=\"1024\" src=\"http:\/\/dev.adsentis.com\/wp-content\/uploads\/2021\/07\/Benjamin-1024x1024.png\" alt=\"\" data-id=\"430\" data-full-url=\"http:\/\/dev.adsentis.com\/wp-content\/uploads\/2021\/07\/Benjamin.png\" data-link=\"http:\/\/dev.adsentis.com\/index.php\/2021\/07\/12\/creation-graphique\/benjamin\/\" class=\"wp-image-430\" srcset=\"http:\/\/dev.adsentis.com\/wp-content\/uploads\/2021\/07\/Benjamin-1024x1024.png 1024w, http:\/\/dev.adsentis.com\/wp-content\/uploads\/2021\/07\/Benjamin-300x300.png 300w, http:\/\/dev.adsentis.com\/wp-content\/uploads\/2021\/07\/Benjamin-150x150.png 150w, http:\/\/dev.adsentis.com\/wp-content\/uploads\/2021\/07\/Benjamin-768x768.png 768w, http:\/\/dev.adsentis.com\/wp-content\/uploads\/2021\/07\/Benjamin.png 1080w\" sizes=\"(max-width: 1024px) 100vw, 1024px\" \/><\/figure><\/li><\/ul><\/figure>\n\n\n\n<div style=\"height:100px\" aria-hidden=\"true\" class=\"wp-block-spacer\"><\/div>\n\n\n\n<h2 class=\"has-text-align-center\">Cr\u00e9ations originales<\/h2>\n\n\n\n<figure class=\"wp-block-gallery columns-3 is-cropped\"><ul class=\"blocks-gallery-grid\"><li class=\"blocks-gallery-item\"><figure><img loading=\"lazy\" width=\"1000\" height=\"1000\" src=\"http:\/\/dev.adsentis.com\/wp-content\/uploads\/2021\/07\/CO1.png\" alt=\"\" data-id=\"477\" data-full-url=\"http:\/\/dev.adsentis.com\/wp-content\/uploads\/2021\/07\/CO1.png\" data-link=\"http:\/\/dev.adsentis.com\/index.php\/2021\/07\/12\/creation-graphique\/co1\/\" class=\"wp-image-477\" srcset=\"http:\/\/dev.adsentis.com\/wp-content\/uploads\/2021\/07\/CO1.png 1000w, http:\/\/dev.adsentis.com\/wp-content\/uploads\/2021\/07\/CO1-300x300.png 300w, http:\/\/dev.adsentis.com\/wp-content\/uploads\/2021\/07\/CO1-150x150.png 150w, http:\/\/dev.adsentis.com\/wp-content\/uploads\/2021\/07\/CO1-768x768.png 768w\" sizes=\"(max-width: 1000px) 100vw, 1000px\" \/><\/figure><\/li><li class=\"blocks-gallery-item\"><figure><img loading=\"lazy\" width=\"1000\" height=\"1000\" src=\"http:\/\/dev.adsentis.com\/wp-content\/uploads\/2021\/07\/CO2.png\" alt=\"\" data-id=\"476\" data-full-url=\"http:\/\/dev.adsentis.com\/wp-content\/uploads\/2021\/07\/CO2.png\" data-link=\"http:\/\/dev.adsentis.com\/index.php\/2021\/07\/12\/creation-graphique\/co2\/\" class=\"wp-image-476\" srcset=\"http:\/\/dev.adsentis.com\/wp-content\/uploads\/2021\/07\/CO2.png 1000w, http:\/\/dev.adsentis.com\/wp-content\/uploads\/2021\/07\/CO2-300x300.png 300w, http:\/\/dev.adsentis.com\/wp-content\/uploads\/2021\/07\/CO2-150x150.png 150w, http:\/\/dev.adsentis.com\/wp-content\/uploads\/2021\/07\/CO2-768x768.png 768w\" sizes=\"(max-width: 1000px) 100vw, 1000px\" \/><\/figure><\/li><li class=\"blocks-gallery-item\"><figure><img loading=\"lazy\" width=\"1000\" height=\"1000\" src=\"http:\/\/dev.adsentis.com\/wp-content\/uploads\/2021\/07\/CO3.png\" alt=\"\" data-id=\"475\" data-full-url=\"http:\/\/dev.adsentis.com\/wp-content\/uploads\/2021\/07\/CO3.png\" data-link=\"http:\/\/dev.adsentis.com\/index.php\/2021\/07\/12\/creation-graphique\/co3\/\" class=\"wp-image-475\" srcset=\"http:\/\/dev.adsentis.com\/wp-content\/uploads\/2021\/07\/CO3.png 1000w, http:\/\/dev.adsentis.com\/wp-content\/uploads\/2021\/07\/CO3-300x300.png 300w, http:\/\/dev.adsentis.com\/wp-content\/uploads\/2021\/07\/CO3-150x150.png 150w, http:\/\/dev.adsentis.com\/wp-content\/uploads\/2021\/07\/CO3-768x768.png 768w\" sizes=\"(max-width: 1000px) 100vw, 1000px\" \/><\/figure><\/li><\/ul><\/figure>\n\n\n\n<div style=\"height:100px\" aria-hidden=\"true\" class=\"wp-block-spacer\"><\/div>\n\n\n\n<h2 class=\"has-text-align-center\">Productions Editoriales<\/h2>\n\n\n\n<figure class=\"wp-block-gallery columns-3 is-cropped\"><ul class=\"blocks-gallery-grid\"><li class=\"blocks-gallery-item\"><figure><img loading=\"lazy\" width=\"1024\" height=\"1024\" src=\"http:\/\/dev.adsentis.com\/wp-content\/uploads\/2021\/07\/tryyyyyy1-1-1024x1024.png\" alt=\"\" data-id=\"448\" data-full-url=\"http:\/\/dev.adsentis.com\/wp-content\/uploads\/2021\/07\/tryyyyyy1-1.png\" data-link=\"http:\/\/dev.adsentis.com\/index.php\/2021\/07\/12\/creation-graphique\/tryyyyyy1-1\/\" class=\"wp-image-448\" srcset=\"http:\/\/dev.adsentis.com\/wp-content\/uploads\/2021\/07\/tryyyyyy1-1-1024x1024.png 1024w, http:\/\/dev.adsentis.com\/wp-content\/uploads\/2021\/07\/tryyyyyy1-1-300x300.png 300w, http:\/\/dev.adsentis.com\/wp-content\/uploads\/2021\/07\/tryyyyyy1-1-150x150.png 150w, http:\/\/dev.adsentis.com\/wp-content\/uploads\/2021\/07\/tryyyyyy1-1-768x768.png 768w, http:\/\/dev.adsentis.com\/wp-content\/uploads\/2021\/07\/tryyyyyy1-1.png 1080w\" sizes=\"(max-width: 1024px) 100vw, 1024px\" \/><\/figure><\/li><li class=\"blocks-gallery-item\"><figure><img loading=\"lazy\" width=\"1024\" height=\"1024\" src=\"http:\/\/dev.adsentis.com\/wp-content\/uploads\/2021\/07\/try-2-1024x1024.png\" alt=\"\" data-id=\"446\" data-full-url=\"http:\/\/dev.adsentis.com\/wp-content\/uploads\/2021\/07\/try-2.png\" data-link=\"http:\/\/dev.adsentis.com\/index.php\/2021\/07\/12\/creation-graphique\/try-2\/\" class=\"wp-image-446\" srcset=\"http:\/\/dev.adsentis.com\/wp-content\/uploads\/2021\/07\/try-2-1024x1024.png 1024w, http:\/\/dev.adsentis.com\/wp-content\/uploads\/2021\/07\/try-2-300x300.png 300w, http:\/\/dev.adsentis.com\/wp-content\/uploads\/2021\/07\/try-2-150x150.png 150w, http:\/\/dev.adsentis.com\/wp-content\/uploads\/2021\/07\/try-2-768x768.png 768w, http:\/\/dev.adsentis.com\/wp-content\/uploads\/2021\/07\/try-2.png 1080w\" sizes=\"(max-width: 1024px) 100vw, 1024px\" \/><\/figure><\/li><li class=\"blocks-gallery-item\"><figure><img loading=\"lazy\" width=\"1024\" height=\"1024\" src=\"http:\/\/dev.adsentis.com\/wp-content\/uploads\/2021\/07\/try-3-1024x1024.png\" alt=\"\" data-id=\"449\" data-full-url=\"http:\/\/dev.adsentis.com\/wp-content\/uploads\/2021\/07\/try-3.png\" data-link=\"http:\/\/dev.adsentis.com\/index.php\/2021\/07\/12\/creation-graphique\/try-3\/\" class=\"wp-image-449\" srcset=\"http:\/\/dev.adsentis.com\/wp-content\/uploads\/2021\/07\/try-3-1024x1024.png 1024w, http:\/\/dev.adsentis.com\/wp-content\/uploads\/2021\/07\/try-3-300x300.png 300w, http:\/\/dev.adsentis.com\/wp-content\/uploads\/2021\/07\/try-3-150x150.png 150w, http:\/\/dev.adsentis.com\/wp-content\/uploads\/2021\/07\/try-3-768x768.png 768w, http:\/\/dev.adsentis.com\/wp-content\/uploads\/2021\/07\/try-3.png 1080w\" sizes=\"(max-width: 1024px) 100vw, 1024px\" \/><\/figure><\/li><\/ul><\/figure>\n\n\n\n<div style=\"height:100px\" aria-hidden=\"true\" class=\"wp-block-spacer\"><\/div>\n\n\n\n<h2 class=\"has-text-align-center\">Cr\u00e9ation de logos<\/h2>\n\n\n\n<figure class=\"wp-block-gallery columns-3 is-cropped\"><ul class=\"blocks-gallery-grid\"><li class=\"blocks-gallery-item\"><figure><img loading=\"lazy\" width=\"1000\" height=\"1000\" src=\"http:\/\/dev.adsentis.com\/wp-content\/uploads\/2021\/07\/logo1.png\" alt=\"\" data-id=\"468\" data-full-url=\"http:\/\/dev.adsentis.com\/wp-content\/uploads\/2021\/07\/logo1.png\" data-link=\"http:\/\/dev.adsentis.com\/index.php\/2021\/07\/12\/creation-graphique\/logo1\/\" class=\"wp-image-468\" srcset=\"http:\/\/dev.adsentis.com\/wp-content\/uploads\/2021\/07\/logo1.png 1000w, http:\/\/dev.adsentis.com\/wp-content\/uploads\/2021\/07\/logo1-300x300.png 300w, http:\/\/dev.adsentis.com\/wp-content\/uploads\/2021\/07\/logo1-150x150.png 150w, http:\/\/dev.adsentis.com\/wp-content\/uploads\/2021\/07\/logo1-768x768.png 768w\" sizes=\"(max-width: 1000px) 100vw, 1000px\" \/><\/figure><\/li><li class=\"blocks-gallery-item\"><figure><img loading=\"lazy\" width=\"1000\" height=\"1000\" src=\"http:\/\/dev.adsentis.com\/wp-content\/uploads\/2021\/07\/logo2.png\" alt=\"\" data-id=\"467\" data-full-url=\"http:\/\/dev.adsentis.com\/wp-content\/uploads\/2021\/07\/logo2.png\" data-link=\"http:\/\/dev.adsentis.com\/index.php\/2021\/07\/12\/creation-graphique\/logo2\/\" class=\"wp-image-467\" srcset=\"http:\/\/dev.adsentis.com\/wp-content\/uploads\/2021\/07\/logo2.png 1000w, http:\/\/dev.adsentis.com\/wp-content\/uploads\/2021\/07\/logo2-300x300.png 300w, http:\/\/dev.adsentis.com\/wp-content\/uploads\/2021\/07\/logo2-150x150.png 150w, http:\/\/dev.adsentis.com\/wp-content\/uploads\/2021\/07\/logo2-768x768.png 768w\" sizes=\"(max-width: 1000px) 100vw, 1000px\" \/><\/figure><\/li><li class=\"blocks-gallery-item\"><figure><img loading=\"lazy\" width=\"1000\" height=\"1000\" src=\"http:\/\/dev.adsentis.com\/wp-content\/uploads\/2021\/07\/logo-3.png\" alt=\"\" data-id=\"466\" data-full-url=\"http:\/\/dev.adsentis.com\/wp-content\/uploads\/2021\/07\/logo-3.png\" data-link=\"http:\/\/dev.adsentis.com\/index.php\/2021\/07\/12\/creation-graphique\/logo-3-2\/\" class=\"wp-image-466\" srcset=\"http:\/\/dev.adsentis.com\/wp-content\/uploads\/2021\/07\/logo-3.png 1000w, http:\/\/dev.adsentis.com\/wp-content\/uploads\/2021\/07\/logo-3-300x300.png 300w, http:\/\/dev.adsentis.com\/wp-content\/uploads\/2021\/07\/logo-3-150x150.png 150w, http:\/\/dev.adsentis.com\/wp-content\/uploads\/2021\/07\/logo-3-768x768.png 768w\" sizes=\"(max-width: 1000px) 100vw, 1000px\" \/><\/figure><\/li><\/ul><\/figure>\n\n\n\n<div style=\"height:100px\" aria-hidden=\"true\" class=\"wp-block-spacer\"><\/div>\n\n\n\n<h2 class=\"has-text-align-center\">Pictogrammes<\/h2>\n\n\n\n<figure class=\"wp-block-gallery columns-3 is-cropped\"><ul class=\"blocks-gallery-grid\"><li class=\"blocks-gallery-item\"><figure><img loading=\"lazy\" width=\"1000\" height=\"1000\" src=\"http:\/\/dev.adsentis.com\/wp-content\/uploads\/2021\/07\/picto-1.png\" alt=\"\" data-id=\"470\" data-full-url=\"http:\/\/dev.adsentis.com\/wp-content\/uploads\/2021\/07\/picto-1.png\" data-link=\"http:\/\/dev.adsentis.com\/index.php\/2021\/07\/12\/creation-graphique\/picto-1\/\" class=\"wp-image-470\" srcset=\"http:\/\/dev.adsentis.com\/wp-content\/uploads\/2021\/07\/picto-1.png 1000w, http:\/\/dev.adsentis.com\/wp-content\/uploads\/2021\/07\/picto-1-300x300.png 300w, http:\/\/dev.adsentis.com\/wp-content\/uploads\/2021\/07\/picto-1-150x150.png 150w, http:\/\/dev.adsentis.com\/wp-content\/uploads\/2021\/07\/picto-1-768x768.png 768w\" sizes=\"(max-width: 1000px) 100vw, 1000px\" \/><\/figure><\/li><li class=\"blocks-gallery-item\"><figure><img loading=\"lazy\" width=\"1000\" height=\"1000\" src=\"http:\/\/dev.adsentis.com\/wp-content\/uploads\/2021\/07\/picto-3.png\" alt=\"\" data-id=\"471\" data-full-url=\"http:\/\/dev.adsentis.com\/wp-content\/uploads\/2021\/07\/picto-3.png\" data-link=\"http:\/\/dev.adsentis.com\/index.php\/2021\/07\/12\/creation-graphique\/picto-3\/\" class=\"wp-image-471\" srcset=\"http:\/\/dev.adsentis.com\/wp-content\/uploads\/2021\/07\/picto-3.png 1000w, http:\/\/dev.adsentis.com\/wp-content\/uploads\/2021\/07\/picto-3-300x300.png 300w, http:\/\/dev.adsentis.com\/wp-content\/uploads\/2021\/07\/picto-3-150x150.png 150w, http:\/\/dev.adsentis.com\/wp-content\/uploads\/2021\/07\/picto-3-768x768.png 768w\" sizes=\"(max-width: 1000px) 100vw, 1000px\" \/><\/figure><\/li><li class=\"blocks-gallery-item\"><figure><img loading=\"lazy\" width=\"1000\" height=\"1000\" src=\"http:\/\/dev.adsentis.com\/wp-content\/uploads\/2021\/07\/picto-2.png\" alt=\"\" data-id=\"472\" data-full-url=\"http:\/\/dev.adsentis.com\/wp-content\/uploads\/2021\/07\/picto-2.png\" data-link=\"http:\/\/dev.adsentis.com\/index.php\/2021\/07\/12\/creation-graphique\/picto-2\/\" class=\"wp-image-472\" srcset=\"http:\/\/dev.adsentis.com\/wp-content\/uploads\/2021\/07\/picto-2.png 1000w, http:\/\/dev.adsentis.com\/wp-content\/uploads\/2021\/07\/picto-2-300x300.png 300w, http:\/\/dev.adsentis.com\/wp-content\/uploads\/2021\/07\/picto-2-150x150.png 150w, http:\/\/dev.adsentis.com\/wp-content\/uploads\/2021\/07\/picto-2-768x768.png 768w\" sizes=\"(max-width: 1000px) 100vw, 1000px\" \/><\/figure><\/li><\/ul><\/figure>\n","protected":false},"excerpt":{"rendered":"<p>La forme, c&rsquo;est le fond qui remonte \u00e0 la surface Victor Hugo Comme l&rsquo;\u00e9crivait Hugo il y a plus d&rsquo;un si\u00e8cle, la forme est constitutive du message que l&rsquo;on porte.<span class=\"more-button\"><a href=\"http:\/\/dev.adsentis.com\/index.php\/creation-graphique\/\" class=\"more-link \">Continue reading<span class=\"screen-reader-text\">Cr\u00e9ation graphique<\/span><\/a><\/span><\/p>\n","protected":false},"author":2,"featured_media":0,"parent":0,"menu_order":0,"comment_status":"closed","ping_status":"closed","template":"","meta":{"inline_featured_image":false},"_links":{"self":[{"href":"http:\/\/dev.adsentis.com\/index.php\/wp-json\/wp\/v2\/pages\/955"}],"collection":[{"href":"http:\/\/dev.adsentis.com\/index.php\/wp-json\/wp\/v2\/pages"}],"about":[{"href":"http:\/\/dev.adsentis.com\/index.php\/wp-json\/wp\/v2\/types\/page"}],"author":[{"embeddable":true,"href":"http:\/\/dev.adsentis.com\/index.php\/wp-json\/wp\/v2\/users\/2"}],"replies":[{"embeddable":true,"href":"http:\/\/dev.adsentis.com\/index.php\/wp-json\/wp\/v2\/comments?post=955"}],"version-history":[{"count":2,"href":"http:\/\/dev.adsentis.com\/index.php\/wp-json\/wp\/v2\/pages\/955\/revisions"}],"predecessor-version":[{"id":957,"href":"http:\/\/dev.adsentis.com\/index.php\/wp-json\/wp\/v2\/pages\/955\/revisions\/957"}],"wp:attachment":[{"href":"http:\/\/dev.adsentis.com\/index.php\/wp-json\/wp\/v2\/media?parent=955"}],"curies":[{"name":"wp","href":"https:\/\/api.w.org\/{rel}","templated":true}]}}